s(0)?
9
Suppose s + 2*y - 289 = 0, 5*s + 0*s - 3*y - 1406 = 0. What is the units digit of s?
3
Let m = 976 - -244. What is the units digit of m?
0
Let v = 246 + 184. What is the units digit of v?
0
Suppose -2*h = -4*m - 1188, -m = -7*h + 6*h + 590. What is the hundreds digit of h?
5
Let d be 1/(3/(-6)) - -34. Suppose -166 = -6*z + d. Let v = z - 4. What is the units digit of v?
9
Suppose 2*d = 2*b - 46, 2*d + 6*b - 2*b + 22 = 0. Let o = d - -57. What is the tens digit of o?
3
Let o be ((-15)/45)/(2/(-6)). What is the tens digit of (2 - o)/((-4)/(-284))?
7
Let x = 31 + -43. Let b(j) = 2*j**2 + 18*j + 20. What is the units digit of b(x)?
2
Suppose -4936 - 15192 = -17*j. What is the tens digit of j?
8
Let p(b) = -b**3 - 2*b**2 - 3*b - 9. Let t(r) = r - 2. Let u be t(-7). Let a = u + 5. What is the tens digit of p(a)?
3
Suppose -5*d - 1001 = -8*d - 5*m, 5*d + 3*m - 1679 = 0. What is the hundreds digit of d?
3
Suppose 0 = -5*o + 4*z + 3723, -3*o + 4*o = -3*z + 737. What is the units digit of o?
3
Let v(b) = b**2 - 6*b + 9. Let j be v(5). Suppose j*f + 2*o = 186, 5*o - 3*o + 96 = 2*f. What is the tens digit of f?
4
Let q(s) = s**3 - 3*s**2 - 17*s - 8. Let d be q(6). What is the tens digit of (2/d)/((-2)/484)?
4
Suppose -4*u = 40 - 136. Suppose 5*g - 6*g + 6 = 0. Let o = u - g. What is the tens digit of o?
1
Suppose 0 = -3*s - r - 3, -4*s = -3*r - r - 12. Let z = 6 + -3. Suppose -2*b + b = -w - 21, s = -3*b - z*w + 39. What is the tens digit of b?
1
Let w = 16 + -8. Suppose -o + w*o = 749. What is the tens digit of o?
0
Let f = -36 - -44. Let y(o) = o**3 - 6*o**2 + 7*o + 14. What is the tens digit of y(f)?
9
Suppose -5*t + 80 = 20. Suppose -l + t = 3*l. Suppose -l - 5 = -4*f. What is the units digit of f?
2
Suppose 4*w + 3*q + 6194 = 9*w, 0 = 3*w + q - 3722. What is the tens digit of w?
4
Let v be (-34 + 3)*(-26 - (-2 - 3)). Let q = -465 + v. What is the tens digit of q?
8
Let b = -722 + 709. Let w(q) = 7*q**3 + 13*q**2 - 2. Let t(d) = 15*d**3 + 26*d**2 - 5. Let c(v) = -6*t(v) + 13*w(v). What is the units digit of c(b)?
4
Let p = -30 - -37. Suppose 5*q - p = 3. What is the tens digit of -3 + 1 + (q - -15)?
1
Let y(d) = -9*d - 16. Let n = -12 + 4. What is the units digit of y(n)?
6
Suppose -5*u + 365 = -375. Let t = -53 + u. What is the units digit of t?
5
Suppose 2*u = 3*y - 313 - 123, 0 = u - 5*y + 204. Let o be 8/(-12) + u/(-3). Suppose -109 = -3*z + o. What is the units digit of z?
1
Suppose o = -0 + 6. Let y be (-8)/o*285/(-10). Let d = -26 + y. What is the units digit of d?
2
Let s(k) = -22*k**2 - 3*k + 9. Let h(c) = -22*c**2 - 2*c + 8. Let y(a) = -6*h(a) + 5*s(a). What is the units digit of y(-2)?
1
Suppose 2 = 5*z + 7. Let r be (-1 - z - -4) + 47. Suppose 2*f - r = n, -2*f - n + 49 = -0*n. What is the units digit of f?
5
Let u be 14/3 + 3/9. Let n(v) = -3*v + 7. Let y(x) = 2*x - 7. Let a(g) = -5*n(g) - 6*y(g). What is the tens digit of a(u)?
2
Let m(k) = k**3 + 2*k**2 + k + 967. What is the hundreds digit of m(0)?
9
Let m(n) = 27*n**2 + 58*n**3 + 22 - 32*n**3 - 27*n**3 + 7*n. What is the units digit of m(27)?
1
Let i(n) = n**3 - 21*n**2 - 22*n + 22. Suppose -39 = -3*h + 27. What is the tens digit of i(h)?
2
Let q(r) = 2*r**2 - 4*r + 5. Let h be (-80)/(-35) + 4/(-14). Suppose -3*n + 5*v + 17 = 0, -v - h*v = n - 1. What is the tens digit of q(n)?
2
What is the units digit of 116/(-6)*(6 + -3)*-4?
2
Suppose w - 515 = -2*z + 146, 2*z = -8. What is the tens digit of w?
6
Let a be (-6)/(-4) + -33*(-9)/(-6). Let n = a - -87. What is the tens digit of n?
3
Suppose -53*g + 51*g = -984. What is the tens digit of g?
9
Let k(w) = 63*w**2 + w + 2. Let l = 131 + -129. What is the units digit of k(l)?
6
Let a = 12 - 10. Suppose -3*v + 175 = a*v. Suppose -3*l + 7*l = -20, -v = -2*c + 3*l. What is the units digit of c?
0
Suppose 5*x = 5 - 0. Let r(b) = -b. Let i(z) = -z**3 + 9*z**2 + 5*z - 5. Let n(u) = x*r(u) + i(u). What is the units digit of n(9)?
1
What is the thousands digit of (0 + -130)*(6/30 - 11)?
1
Let j be 60/18*(1 - -35). Let d = j + -70. Let u = d + -24. What is the units digit of u?
6
Suppose 2*d - 5*h - 1658 = 0, 2*h + 3*h = -3*d + 2487. What is the hundreds digit of d?
8
Let d(i) = 3*i**3 - 3*i**2 + 5*i. Suppose -4 = 2*q - 12. Suppose -2*b - 4 = -q*b. What is the units digit of d(b)?
2
Let a(g) = 25*g**2 + 4*g - 5. What is the units digit of a(4)?
1
Let u(o) = -o - 8. Let y = -5 + -8. Let z be u(y). Suppose 0 = w + 3*w - z*c - 86, -c = -2. What is the tens digit of w?
2
Suppose -223 = h - 655. What is the hundreds digit of h?
4
Suppose 8 = -4*t + 6*t. Let c be t/(-8)*-4 + -2. Suppose -3*j + c*j = -129. What is the units digit of j?
3
Let m = 19 + -15. Suppose 0 = 3*x + x - 5*w - 4, -w = -m. Suppose x*h - 4*h - 26 = 0. What is the tens digit of h?
1
Let z = 689 + 141. What is the hundreds digit of z?
8
Let a = -53 + 75. Suppose 4*g - a = 114. What is the tens digit of g?
3
Let l be (2/6)/((-3)/(-63)). Let h = l + -4. Suppose 7 = -2*m + r + 21, 3*r - 30 = -h*m. What is the units digit of m?
8
Let t(i) = 11*i**2 - 2*i - 1. Let p(x) = -22*x**2 + 4*x + 2. Let f(s) = 2*p(s) + 5*t(s). What is the tens digit of f(3)?
9
Let i be (-4)/(-3) + (-12)/(-18). Suppose i*u = -5*j - 0*u - 3, -3*u = 5*j + 7. Let q(l) = 17*l + 1. What is the tens digit of q(j)?
1
Suppose 44*k = 65064 - 10988. What is the hundreds digit of k?
2
Let z = -10 + 8. Let l be (-7 - 116)*(1 + z). Let r = l + -88. What is the tens digit of r?
3
Suppose 3*f - 5 = 10. Suppose 0*k - k + 2*r + 60 = 0, -120 = -2*k + f*r. What is the units digit of k/70 + 1/7?
1
Suppose 0 = -2*a + 25 - 5. Let h = 43 + a. What is the tens digit of h?
5
Let t = -92 - -211. Let d = 335 - t. What is the tens digit of d?
1
Suppose d = -3*u + 68, 5*d + 2*u - 440 = 7*u. Let t = d - -57. Suppose -5*v + t = -30. What is the tens digit of v?
3
Suppose 2*d + 4203 = 5*a, -a + 838 = 15*d - 18*d. What is the hundreds digit of a?
8
Let i be (0 - -13) + (7 - 8). Let d = -8 + i. What is the units digit of d?
4
Suppose -5428 = -3*l + 4*d, -l + 5*d + 28 = -1785. What is the units digit of l?
8
Let m(i) = i**3 - 15*i**2 + i - 5. Let n be m(15). Suppose -15 = 5*w - n*w. What is the units digit of w?
3
Let o be (2*2)/(28/(-3766)). Let a = o + 769. What is the hundreds digit of a?
2
Suppose 4*i - 8 + 4 = 0, -3*i = 4*q - 22871. What is the units digit of q?
7
Suppose 3*z - 11*n + 9*n - 6313 = 0, 0 = 4*z - 4*n - 8416. What is the hundreds digit of z?
1
Let m = -33 + 37. Suppose -3 - 1 = f + i, 48 = -m*f + 4*i. Let k = 60 - f. What is the tens digit of k?
6
Let c = 141 + -111. Let n = c + -6. What is the tens digit of n?
2
Suppose 0 = -q - 4*q + 100. Suppose 0*y + 2*y - q = 0. Suppose -y - 16 = -g. What is the units digit of g?
6
Suppose 0 = -7*r + 12833 + 2105. What is the units digit of r?
4
Let p(h) = h + 35. Let f be p(-23). Suppose d + 623 = 4*m, 9*d - 770 = -5*m + f*d. What is the tens digit of m?
5
Let y be 32/(-6)*18/(-12). Suppose 3*z + a - y = -4*a, 4*a + 14 = z. Let r = z - -18. What is the tens digit of r?
2
Let b = 20 + -5. Suppose -3*x + b = 12. What is the units digit of x?
1
Let h(a) be the second derivative of -a**5/10 + 19*a**4/12 + 13*a**3/6 - a**2/2 + 17*a. What is the units digit of h(10)?
9
Suppose -5*o + 5*j - 1490 = -10*o, o - 307 = -4*j. What is the units digit of o?
5
Let t be 2/(0 - -2) + 3. Let n be (1/2)/(t/32). Suppose 2*r - 5*r - 3*i + 3 = 0, -i = -n*r + 24. What is the units digit of r?
5
Suppose 0 = 5*q - 5*g - 98 - 2, 4*g = q - 35. Suppose 0 = 3*x - q, 0*x + 14 = -3*p + 4*x. Suppose p*t = 22 - 0. What is the units digit of t?
1
Let w be (20/(-6))/((-1)/57). Let v = w - 88. What is the tens digit of v?
0
Let n = 27 - -23. What is the units digit of n + -2*4/24*3?
9
Let c be 4/(-10) + (-26)/10. Let i(m) = 8*m**3 - 13*m**2 - 6*m. Let p(j) = -2*j**3 + 4*j**2 + 2*j. Let u(n) = -2*i(n) - 7*p(n). What is the tens digit of u(c)?
4
Let r = -29 - -204. What is the units digit of r?
5
Let h(s) = -159*s + 3. Let r be h(1). Let p = -24 - r. Suppose d + 3*d = p. What is the units digit of d?
3
Let s(t) = -3*t. Suppose 3*h = -h - 2*x + 20, -h = -4*x - 14. Let v be s(h). Let q = v - -45. What is the units digit of q?
7
Let k = 48 - 51. What is the units digit of (1/k*2)/(22/(-2277))?
9
Suppose f + 4*f = -165. Suppo